en 10318 is divided by 2257?
1290
What is the remainder when 2396991 is divided by 4756?
4723
What is the remainder when 3761628 is divided by 188046?
708
Calculate the remainder when 586566 is divided by 16256.
1350
What is the remainder when 12660161 is divided by 945?
941
What is the remainder when 40535 is divided by 2286?
1673
Calculate the remainder when 1918202 is divided by 17598.
20
Calculate the remainder when 63902 is divided by 5733.
839
Calculate the remainder when 1129614 is divided by 875.
864
Calculate the remainder when 144760 is divided by 71102.
2556
Calculate the remainder when 32954930 is divided by 9.
8
What is the remainder when 274896 is divided by 1741?
1559
What is the remainder when 638013 is divided by 70831?
534
Calculate the remainder when 3008276 is divided by 86.
82
What is the remainder when 245715 is divided by 533?
2
Calculate the remainder when 377201 is divided by 26.
19
What is the remainder when 30208892 is divided by 12?
8
What is the remainder when 166103 is divided by 13839?
35
Calculate the remainder when 13448172 is divided by 1222555.
67
What is the remainder when 292311785 is divided by 78?
77
What is the remainder when 232474 is divided by 3102?
2926
Calculate the remainder when 8243990 is divided by 1244.
2
What is the remainder when 14820535 is divided by 964?
963
Calculate the remainder when 114972 is divided by 56139.
2694
What is the remainder when 340880 is divided by 4946?
4552
Calculate the remainder when 13496360 is divided by 258.
122
What is the remainder when 77165892 is divided by 7?
6
Calculate the remainder when 379740 is divided by 46988.
3836
Calculate the remainder when 66033 is divided by 21212.
2397
What is the remainder when 860153 is divided by 430069?
15
Calculate the remainder when 3285599 is divided by 2226.
23
What is the remainder when 26653588 is divided by 129?
124
What is the remainder when 28627 is divided by 434?
417
What is the remainder when 1571212 is divided by 261864?
28
Calculate the remainder when 148232 is divided by 596.
424
Calculate the remainder when 13002510 is divided by 3250590.
150
What is the remainder when 1355699 is divided by 338907?
71
Calculate the remainder when 5623077 is divided by 304.
293
What is the remainder when 57840 is divided by 6731?
3992
Calculate the remainder when 8169094 is divided by 124.
98
Calculate the remainder when 120958 is divided by 117964.
2994
Calculate the remainder when 5544588 is divided by 40769.
4
What is the remainder when 4154556 is divided by 5239?
29
Calculate the remainder when 281655 is divided by 281597.
58
What is the remainder when 187374 is divided by 2439?
2010
What is the remainder when 107908776 is divided by 3289?
3264
Calculate the remainder when 17064 is divided by 4102.
656
What is the remainder when 50562434 is divided by 1155?
1154
What is the remainder when 31944382 is divided by 992?
990
Calculate the remainder when 1661463 is divided by 1607.
1432
Calculate the remainder when 18369575 is divided by 2686.
21
What is the remainder when 913010 is divided by 181638?
4820
Calculate the remainder when 5478441 is divided by 44540.
21
What is the remainder when 322440089 is divided by 15?
14
What is the remainder when 1521581 is divided by 380386?
37
Calculate the remainder when 442703 is divided by 3285.
2513
Calculate the remainder when 3554351 is divided by 17509.
24
What is the remainder when 52723117 is divided by 2974?
45
Calculate the remainder when 375694 is divided by 123879.
4057
What is the remainder when 2431823 is divided by 1958?
1945
What is the remainder when 237595 is divided by 757?
654
Calculate the remainder when 1981948 is divided by 64.
60
What is the remainder when 87890 is divided by 366?
50
Calculate the remainder when 1443129 is divided by 4941.
357
Calculate the remainder when 311826 is divided by 1193.
453
What is the remainder when 97234118 is divided by 61?
57
Calculate the remainder when 3793575 is divided by 257.
255
What is the remainder when 10944 is divided by 208?
128
Calculate the remainder when 3981998 is divided by 1636.
1610
Calculate the remainder when 2118369 is divided by 3336.
9
Calculate the remainder when 301935 is divided by 301619.
316
Calculate the remainder when 530469 is divided by 4614.
4473
What is the remainder when 13627994 is divided by 100948?
14
Calculate the remainder when 103301 is divided by 224.
37
Calculate the remainder when 424867 is divided by 211838.
1191
Calculate the remainder when 7064896 is divided by 43.
39
Calculate the remainder when 6494 is divided by 1989.
527
Calculate the remainder when 30613985 is divided by 117.
116
Calculate the remainder when 55151 is divided by 3135.
1856
What is the remainder when 4046641 is divided by 101162?
161
What is the remainder when 197405 is divided by 255?
35
What is the remainder when 2743657 is divided by 69?
10
What is the remainder when 2067158 is divided by 1033570?
18
What is the remainder when 311471017 is divided by 103823671?
4
Calculate the remainder when 41232 is divided by 1688.
720
Calculate the remainder when 8413492 is divided by 8355.
7
What is the remainder when 5415072 is divided by 2094?
2082
Calculate the remainder when 641811 is divided by 2421.
246
What is the remainder when 4188748 is divided by 5447?
5
Calculate the remainder when 180572199 is divided by 122.
121
What is the remainder when 12533 is divided by 1368?
221
Calculate the remainder when 12113611 is divided by 1032.
1027
Calculate the remainder when 224703 is divided by 254.
167
Calculate the remainder when 5719048 is divided by 7221.
16
Calculate the remainder when 17059784 is divided by 1550889.
5
Calculate the remainder when 617041874 is divided by 7.
1
What is the remainder when 1114277 is divided by 9057?
266
What is the remainder when 655968996 is divided by 13?
7
Calculate the remainder when 928741791 is divided by 484.
483
What is the remainder when 41335250 is divided by 426136?
58
Calculate the remainder when 12458085 is divided by 415269.
15
What is the remainder when 239548 is divided by 47897?
63
Calculate the remainder when 19325813 is divided by 1147.
10
Calculate the remainder when 582761 is divided by 403.
23
Calculate the remainder when 44392417 is divided by 5775.
5767
Calculate the remainder when 273304 is divided by 44.
20
What is the remainder when 8012855 is divided by 726?
719
What is the remainder when 6213031 is divided by 1553257?
3
Calculate the remainder when 63314 is divided by 1814.
1638
What is the remainder when 316764 is divided by 20887?
3459
What is the remainder when 900566 is divided by 449793?
980
Calculate the remainder when 9035026 is divided by 9210.
16
Calculate the remainder when 67447273 is divided by 8430907.
17
What is the remainder when 520106 is divided by 23?
7
What is the remainder when 9768635 is divided by 438?
359
Calculate the remainder when 44934229 is divided by 1870.
1869
What is the remainder when 78848 is divided by 9449?
3256
What is the remainder when 19262 is divided by 830?
172
Calculate the remainder when 19159724 is divided by 1075.
1074
Calculate the remainder when 684726 is divided by 8138.
1134
Calculate the remainder when 35046 is divided by 5827.
84
Calculate the remainder when 1461038 is divided by 73050.
38
Calculate the remainder when 101499 is divided by 101497.
2
Calculate the remainder when 485901 is divided by 594.
9
Calculate the remainder when 7055663 is divided by 1743.
1742
What is the remainder when 247562863 is divided by 141?
139
What is the remainder when 399635 is divided by 17248?
2931
What is the remainder when 484419724 is divided by 14643?
14641
Calculate the remainder when 161602 is divided by 5050.
2
Calculate the remainder when 158412 is divided by 135.
57
Calculate the remainder when 13628594 is divided by 55.
34
Calculate the remainder when 2390913 is divided by 8571.
8175
Calculate the remainder when 21367639 is divided by 49808.
7
What is the remainder when 8397676 is divided by 109?
98
What is the remainder when 418976 is divided by 506?
8
Calculate the remainder when 7754799 is divided by 616.
591
What is the remainder when 10806787 is divided by 10806782?
5
Calculate the remainder when 6830 is divided b